1032
0 (base 15) to base 7
0
Convert 2 (base 7) to base 4.
2
0 (base 3) to base 9
0
What is 10 (base 5) in base 10?
5
-86 (base 10) to base 8
-126
Convert 10100 (base 2) to base 12.
18
-28a (base 11) to base 7
-664
What is -2120 (base 3) in base 4?
-1011
What is -1 (base 4) in base 11?
-1
-46 (base 12) to base 6
-130
What is 60 (base 16) in base 10?
96
3 (base 10) to base 14
3
14 (base 7) to base 9
12
Convert -3 (base 12) to base 4.
-3
-f (base 16) to base 8
-17
-64 (base 15) to base 6
-234
-8 (base 10) to base 7
-11
1 (base 13) to base 4
1
Convert 4 (base 16) to base 8.
4
What is -361 (base 7) in base 6?
-514
Convert -4 (base 10) to base 7.
-4
Convert -189 (base 15) to base 6.
-1350
What is 97 (base 12) in base 14?
83
Convert 3 (base 10) to base 6.
3
What is -b (base 16) in base 3?
-102
What is -13 (base 16) in base 14?
-15
What is -105 (base 6) in base 3?
-1112
Convert 30 (base 12) to base 13.
2a
What is 0 (base 14) in base 12?
0
Convert 2c (base 16) to base 9.
48
What is -2 (base 14) in base 11?
-2
Convert 133 (base 8) to base 11.
83
Convert -2010 (base 3) to base 16.
-39
What is -2 (base 4) in base 6?
-2
What is 1200 (base 3) in base 10?
45
What is 3 (base 5) in base 2?
11
What is 1001 (base 2) in base 6?
13
What is 10 (base 8) in base 9?
8
Convert -15 (base 14) to base 13.
-16
What is -20 (base 8) in base 12?
-14
-111 (base 2) to base 4
-13
What is -10 (base 7) in base 11?
-7
-20221 (base 3) to base 10
-187
6a (base 14) to base 13
73
0 (base 14) to base 16
0
What is 23 (base 7) in base 11?
16
2 (base 5) to base 13
2
What is 134 (base 9) in base 15?
77
Convert 345 (base 9) to base 8.
434
Convert 0 (base 10) to base 13.
0
1210 (base 3) to base 10
48
Convert 42 (base 9) to base 3.
1102
What is 10012 (base 3) in base 4?
1112
-2 (base 11) to base 8
-2
Convert 4 (base 8) to base 7.
4
What is -1 (base 10) in base 5?
-1
What is -5 (base 7) in base 14?
-5
Convert 101111 (base 2) to base 16.
2f
What is -2 (base 3) in base 14?
-2
What is 0 (base 16) in base 5?
0
41 (base 6) to base 7
34
Convert -11 (base 12) to base 2.
-1101
What is 1a (base 11) in base 4?
111
16 (base 9) to base 10
15
Convert -111 (base 10) to base 3.
-11010
What is -100 (base 5) in base 3?
-221
What is 10211 (base 3) in base 10?
103
-3a (base 12) to base 8
-56
3 (base 4) to base 5
3
-141 (base 5) to base 16
-2e
33 (base 4) to base 3
120
-1 (base 3) to base 9
-1
What is -58 (base 9) in base 10?
-53
What is 5 (base 10) in base 6?
5
What is 2 (base 7) in base 16?
2
What is 111 (base 2) in base 12?
7
What is 14 (base 9) in base 16?
d
Convert -7 (base 11) to base 15.
-7
What is -1 (base 12) in base 15?
-1
-15 (base 7) to base 8
-14
-2112 (base 4) to base 8
-226
Convert -7 (base 12) to base 4.
-13
-2 (base 7) to base 2
-10
Convert -6b (base 15) to base 10.
-101
Convert b (base 14) to base 4.
23
60 (base 15) to base 7
156
1010 (base 2) to base 8
12
What is -20 (base 14) in base 11?
-26
Convert 4 (base 5) to base 8.
4
Convert -1102 (base 5) to base 13.
-b9
What is 1 (base 10) in base 8?
1
Convert 31 (base 16) to base 9.
54
Convert -11101 (base 3) to base 8.
-166
What is 3 (base 11) in base 12?
3
What is 52 (base 9) in base 7?
65
-7 (base 14) to base 9
-7
-1a (base 13) to base 5
-43
Convert 3 (base 8) to base 15.
3
-3 (base 15) to base 5
-3
Convert -d1 (base 15) to base 8.
-304
What is -2 (base 8) in base 6?
-2
What is -2 (base 4) in base 3?
-2
-7d (base 14) to base 15
-76
Convert 2 (base 11) to base 10.
2
What is 1 (base 11) in base 2?
1
a (base 15) to base 16
a
Convert 2 (base 12) to base 15.
2
-5 (base 7) to base 11
-5
-a (base 16) to base 13
-a
Convert 13 (base 5) to base 3.
22
-2 (base 7) to base 2
-10
-20 (base 11) to base 2
-10110
What is 8a (base 14) in base 3?
11112
What is 442 (base 5) in base 7?
233
34 (base 9) to base 7
43
1d (base 16) to base 13
23
Convert 0 (base 11) to base 14.
0
Convert 1102 (base 3) to base 9.
42
What is 4 (base 8) in base 3?
11
Convert -179 (base 10) to base 7.
-344
-3 (base 13) to base 11
-3
7 (base 10) to base 13
7
0 (base 16) to base 15
0
What is 1 (base 16) in base 2?
1
What is -79 (base 11) in base 13?
-68
What is -20 (base 9) in base 14?
-14
What is -21 (base 9) in base 2?
-10011
Convert 1 (base 11) to base 8.
1
Convert -7 (base 11) to base 7.
-10
Convert -1 (base 8) to base 11.
-1
What is 1a (base 15) in base 11?
23
What is -9 (base 10) in base 5?
-14
6 (base 9) to base 16
6
What is 11101 (base 2) in base 3?
1002
Convert -16 (base 8) to base 2.
-1110
Convert -4 (base 13) to base 7.
-4
What is -12 (base 6) in base 15?
-8
What is 277 (base 8) in base 5?
1231
7 (base 10) to base 6
11
158 (base 13) to base 10
242
Convert 123 (base 5) to base 6.
102
37 (base 12) to base 16
2b
What is 1 (base 15) in base 8?
1
What is -210 (base 6) in base 13?
-60
Convert -24 (base 9) to base 10.
-22
What is -3 (base 15) in base 7?
-3
11 (base 5) to base 14
6
Convert 1 (base 10) to base 4.
1
What is 100 (base 2) in base 6?
4
-2202 (base 3) to base 16
-4a
Convert -2 (base 9) to base 2.
-10
What is -16 (base 10) in base 3?
-121
What is -21 (base 4) in base 15?
-9
Convert 4a (base 14) to base 9.
73
Convert -230 (base 4) to base 7.
-62
-17 (base 13) to base 8
-24
Convert 17c (base 13) to base 6.
1132
54 (base 7) to base 15
29
Convert -9 (base 13) to base 14.
-9
Convert -313 (base 7) to base 3.
-12211
Convert -1 (base 11) to base 13.
-1
10 (base 4) to base 3
11
-37 (base 13) to base 9
-51
What is 20 (base 5) in base 15?
a
-11 (base 3) to base 12
-4
What is -137 (base 9) in base 8?
-163
Convert 7 (base 8) to base 13.
7
Convert -2c (base 16) to base 5.
-134
What is -4 (base 6) in base 16?
-4
Convert -3 (base 7) to base 12.
-3
Convert -22 (base 12) to base 8.
-32
102 (base 3) to base 5
21
a (base 15) to base 3
101
Convert 1 (base 16) to base 8.
1
Convert 35 (base 6) to base 12.
1b
Convert 13 (base 4) to base 3.
21
-121 (base 5) to base 15
-26
What is -433 (base 5) in base 8?
-166
Convert -111 (base 2) to base 15.
-7
Convert -2 (base 4) to base 15.
-2
What is 12 (base 4) in base 7?
6
What is -1d (base 16) in base 13?
-23
Convert -b (base 13) to base 8.
-13
Convert 17 (base 8) to base 5.
30
5 (base 10) to base 12
5
Convert 9 (base 14) to base 16.
9
-38 (base 15) to base 13
-41
What is 4 (base 11) in base 16?
4
Convert -2 (base 3) to base 4.
-2
Convert 100000 (base 2) to base 12.
28
What is 37 (base 12) in base 7?
61
Convert -22 (base 7) to base 8.
-20
1 (base 5) to base 13
1
Convert 152 (base 7) to base 13.
68
1012 (base 5) to base 2
10000100
-114 (base 5) to base 3
-1021
What is a (base 14) in base 8?
12
Convert 41 (base 11) to base 10.
45
What is 3 (base 9) in base 6?
3
12 (base 6) to base 4
20
What is -17 (base 12) in base 15?
-14
-21 (base 3) to base 6
-11
4 (base 9) to base 13
4
Convert 1 (base 15) to base 4.
1
What is d (base 15) in base 14?
d
1 (base 9) to base 8
1
-332 (base 4) to base 11
-57
Convert 45 (base 6) to base 14.
21
Convert 1 (base 3) to base 5.
1
What is 3 (base 9) in base 5?
3
What is 10 (base 5) in base 4?
11
What is 45 (base 6) in base 7?
41
What is -20 (base 13) in base 5?
-101
-8a (base 12) to base 2
-1101010
Convert 4 (base 16) to base 12.
4
Convert 11100 (base 2) to base 11.
26
What is -20 (base 8) in base 6?
-24
What is 4 (base 16) in base 6?
4
3 (base 6) to base 4
3
Convert 110010 (base 2) to base 3.
1212
What is -4 (base 13) in base 7?
-4
What is -120 (base 4) in base 3?
-220
Convert -1c (base 13) to base 4.
-121
What is -1 (base 12) in base 3?
-1
-1 (base 15) to base 5
-1
11 (base 7) to base 15
8
What is 128 (base 11) in base 5?
1101
Convert -97 (base 12) to base 14.
-83
Convert 87 (base 10) to base 2.
1010111
Convert -110 (base 2) to base 4.
-12
Convert -200 (base 3) to base 5.
-33
Convert 10 (base 3) to base 14.
3
What is -1210 (base 3) in base 6?
-120
Convert -11 (base 9) to base 14.
-a
Convert 1 (base 10) to base 14.
1
0 (base 6) to base 8
0
Convert 6 (base 11) to base 7.
6
1340 (base 5) to base 10
220
What is b (base 12) in base 7?
14
Convert 12 (base 3) to base 4.
11
1041 (base 6) to base 15
111
6 (base 15) to base 7
6
-61 (base 12) to base 15
-4d
1022 (base 3) to base 5
120
What is 50 (base 7) in base 12?
2b
What is d (base 14) in base 8?
15
What is -1001 (base 4) in base 8?
-101
Convert -5 (base 10) to base 6.
-5
What is 1 (base 15) in ba